 base 9, what is -2 + -1353735?
-1353737
In base 16, what is 2e - 6ca1f?
-6c9f1
In base 8, what is 31 + -55212766?
-55212735
In base 15, what is 27587 - 4c2?
270b5
In base 11, what is 39 + -97307?
-97279
In base 8, what is 3 - -112152332?
112152335
In base 8, what is 11450 + 4343?
16013
In base 5, what is 3 + -301301134?
-301301131
In base 6, what is 130 - 3144505?
-3144335
In base 6, what is -23 + 23535301?
23535234
In base 3, what is -12201102101021 - -10?
-12201102101011
In base 10, what is -156 + 31749?
31593
In base 16, what is 7f7be + 39?
7f7f7
In base 3, what is -12221221 - 121220111?
-211212102
In base 10, what is -3 + 35176099?
35176096
In base 16, what is -39c8 + -1bb?
-3b83
In base 2, what is 10 - -101011100110000111100011001?
101011100110000111100011011
In base 11, what is 920 - -5a915?
60735
In base 14, what is 237840 + 43?
237883
In base 12, what is -1156 + -8693?
-9829
In base 9, what is 45852678 - -2?
45852681
In base 12, what is 101 + 10192?
10293
In base 6, what is -5034 + -32021?
-41055
In base 7, what is 2010014 - 55?
2006626
In base 15, what is 5314202 + 2?
5314204
In base 15, what is 3 + 745e69e?
745e6a2
In base 2, what is -11010100010011110 + 100111?
-11010100001110111
In base 12, what is -4 - -56262720?
56262718
In base 7, what is 6663 + 155633?
165626
In base 16, what is 13eb - 5a84?
-4699
In base 16, what is -2cb76 - 6a?
-2cbe0
In base 14, what is -52b - -60dd?
59b2
In base 4, what is -3123233202 + -33?
-3123233301
In base 9, what is 486 - 670661?
-670164
In base 13, what is -6746 - -ca9?
-576a
In base 5, what is -40131111142 - 10?
-40131111202
In base 15, what is 0 + -3597?
-3597
In base 15, what is a4cd19c - 4?
a4cd198
In base 2, what is 1100010000100010110000111010 - 11?
1100010000100010110000110111
In base 12, what is -b4b796 + -32?
-b4b808
In base 8, what is -540 - -437121?
436361
In base 12, what is -5 - 280a45?
-280a4a
In base 2, what is 10000111 + 1010011110010011001?
1010011110100100000
In base 14, what is 2a5b - 16db4?
-14357
In base 15, what is -1d2 + b57e5?
b5613
In base 10, what is -324262 - 50?
-324312
In base 7, what is -12136211 + 3466?
-12132412
In base 4, what is 11030012 + -313320?
10110032
In base 12, what is -20b3b8 + -8b7?
-2100b3
In base 4, what is -2 + -101301012112?
-101301012120
In base 9, what is 606010 - 42?
605857
In base 16, what is b2f - 15091?
-14562
In base 7, what is 10025323 - 16?
10025304
In base 4, what is 32 - -1102120221?
1102120313
In base 3, what is -112010 - -12202101?
12020021
In base 5, what is 32444103234 + 1?
32444103240
In base 16, what is -7e22 + bbd?
-7265
In base 5, what is 3214441 - -3130?
3223121
In base 6, what is 2040132535 - 5?
2040132530
In base 9, what is -3 + 61258202?
61258188
In base 4, what is 1233023 - -323?
1300012
In base 9, what is 1336 - -14606?
16043
In base 5, what is 214 - -3142334?
3143103
In base 2, what is 1111010100100111000111 + -100000011?
1111010100100011000100
In base 10, what is -51692 - -2132?
-49560
In base 8, what is -3010 - 26250?
-31260
In base 14, what is -1 + 313652c?
313652b
In base 16, what is -4 - -a4939a8?
a4939a4
In base 11, what is -1 - 4763986a?
-47639870
In base 15, what is -16c534d - 0?
-16c534d
In base 6, what is -5412251 + 5043?
-5403204
In base 13, what is -1c + -b98b7?
-b9906
In base 16, what is 2992e + 1a?
29948
In base 16, what is f799a - -1?
f799b
In base 14, what is 2a + -4b2a42?
-4b2a16
In base 2, what is -10110011010110101111110 + -101?
-10110011010110110000011
In base 7, what is 3103055466 + -3?
3103055463
In base 15, what is 184eea6b + -1?
184eea6a
In base 13, what is -1bb01 + -13?
-1bb14
In base 12, what is 1801725b - -3?
18017262
In base 13, what is -7ba1048 - -2?
-7ba1046
In base 3, what is 1010222021120221 + -1?
1010222021120220
In base 6, what is -3 - -10423433?
10423430
In base 4, what is -2 - -131122121311?
131122121303
In base 8, what is -15477 + -737?
-16436
In base 11, what is -7a90 - -1082?
-6a09
In base 2, what is 100 + -110001011000011010011100000?
-110001011000011010011011100
In base 13, what is 2ab9 - 57b?
253b
In base 15, what is -47648 + 8c0?
-46c78
In base 12, what is -69b56 - 0?
-69b56
In base 5, what is -4240 + 203340?
144100
In base 9, what is -2388 + 2015?
-373
In base 12, what is -24724058 + -1?
-24724059
In base 16, what is 445ff + -e9?
44516
In base 14, what is 5 + 440b61?
440b66
In base 5, what is 104 + 2441414401?
2441420010
In base 2, what is 111011101010101110111010011 + 10?
111011101010101110111010101
In base 14, what is -c2bd - 11a?
-c3d9
In base 9, what is 7321203 - 20?
7321173
In base 15, what is -1b7c43b - 3?
-1b7c43e
In base 2, what is 10101100100101010100 - -1011001011?
10101100110000011111
In base 14, what is -1711d01 - 3?
-1711d04
In base 8, what is -5 - -20434024?
20434017
In base 10, what is -1681 - -48564?
46883
In base 13, what is -2 + -1b64ab?
-1b64b0
In base 2, what is 111100101111101 - 1110110100?
111010111001001
In base 7, what is -1214556545 - 5?
-1214556553
In base 2, what is -11101010000001010001 - 1010?
-11101010000001011011
In base 8, what is 704506 + -250?
704236
In base 11, what is -8252a39 - a7?
-8253035
In base 15, what is -35c8a - -2288?
-33a02
In base 5, what is -10 - -40213121044?
40213121034
In base 7, what is -2166 - 105621?
-111120
In base 14, what is -14 + -27751c5?
-27751d9
In base 5, what is 23012 - 24444?
-1432
In base 14, what is 7015b9 - -3?
7015bc
In base 11, what is -2043a5 - -35?
-204370
In base 8, what is -167 + -2775?
-3164
In base 7, what is 331612623 - 24?
331612566
In base 11, what is 7 + 16457720?
16457727
In base 4, what is 201030132 - -1000?
201031132
In base 7, what is -50 - 126506604?
-126506654
In base 13, what is 92b6b91 - -5?
92b6b96
In base 10, what is 3 + 8597090?
8597093
In base 9, what is 2113528 + -186?
2113332
In base 6, what is 53205 - 225443?
-132234
In base 7, what is -34425446235 - 0?
-34425446235
In base 3, what is 210 - 11202201022112?
-11202201021202
In base 6, what is -145445244 - 22?
-145445310
In base 14, what is -8378417 + 0?
-8378417
In base 12, what is -5 + 3724910?
3724907
In base 10, what is -2 + 128975?
128973
In base 4, what is -123320000013 - 1?
-123320000020
In base 5, what is 2202231 - 1212?
2201014
In base 13, what is 1615 - 1254?
391
In base 9, what is -55048455 + 3?
-55048452
In base 9, what is 11 - 185726505?
-185726484
In base 4, what is 23 + 1013123111?
1013123200
In base 7, what is -403 - 6440?
-10143
In base 16, what is 58abe7 - -2f?
58ac16
In base 8, what is 1572501 - 0?
1572501
In base 2, what is -1010100110101101001 - -101010?
-1010100110100111111
In base 6, what is -104410 - 412250?
-521100
In base 9, what is -5 + -105404368?
-105404374
In base 5, what is 132 + 2213110?
2213242
In base 5, what is 140 + -3100334?
-3100144
In base 4, what is 3303332310 + 12312?
3310011222
In base 14, what is -105 - 40c844?
-40c949
In base 14, what is -336 - -5b5d?
5827
In base 3, what is 10122012202 + -10021?
10122002111
In base 3, what is 2211102 - -1001220?
10220022
In base 2, what is -1000010101010000010101 + 1100?
-1000010101010000001001
In base 13, what is 841b37 - -1?
841b38
In base 8, what is -1540240232 - -1?
-1540240231
In base 12, what is 171504 + -28?
171498
In base 16, what is 366e + 4bc?
3b2a
In base 11, what is -3 - 1356491?
-1356494
In base 10, what is 3 - -6686922?
6686925
In base 14, what is 4c + 1dd44d3?
1dd4541
In base 11, what is -7 - 1400a31a?
-1400a326
In base 8, what is -1375100453 + -2?
-1375100455
In base 9, what is -25 - -35553?
35527
In base 6, what is 121 - 1232433033?
-1232432512
In base 9, what is -28084766 + 1?
-28084765
In base 6, what is 1113525 + -40?
1113445
In base 15, what is 1bb98 - -39?
1bbd2
In base 2, what is -10111 - 1010010010101101010?
-1010010010110000001
In base 16, what is 95 + -1af2d?
-1ae98
In base 2, what is 11111110100011101111011 - 10101?
11111110100011101100110
In base 8, what is 134 - 35265?
-35131
In base 15, what is -1 + -2e71a1?
-2e71a2
In base 11, what is 174342 - -12a3?
175635
In base 12, what is 112 - 4172a?
-41618
In base 5, what is -301 - 412231?
-413032
In base 15, what is 39ca - -19c?
3b77
In base 15, what is -58ddeb4 - 4?
-58ddeb8
In base 2, what is 101010010000110 - -10010111001110?
111101001010100
In base 9, what is 1282 + 1070?
2362
In base 1